*w - 36. Let s be v(6). Suppose 17*m - s = 15*m. Suppose -6*i + m = -132. Calculate the remainder when i is divided by 18.
16
Suppose -k - 366 = 65. Let y = k - -479. What is the remainder when y is divided by 3?
0
Let j(a) = -465*a**2 - 23*a + 24. Let l be j(1). Let n = -460 - l. What is the remainder when 116 is divided by n?
0
Suppose -r = -2*g - 292 - 748, 3*r + 2*g - 3088 = 0. What is the remainder when r is divided by 148?
144
What is the remainder when ((-277)/(-7))/(4/28) is divided by 8?
5
Let b(h) = -3*h**2 + 34*h + 139. Let z(u) = 4*u**2 - 51*u - 208. Let r(f) = -7*b(f) - 5*z(f). Calculate the remainder when (260/30)/(4/6) is divided by r(-12).
6
Suppose -9*s = 49 - 49. Suppose -2*a + 684 = -s*c + 2*c, -2*a = -c + 336. What is the remainder when c is divided by 49?
46
Suppose 0 = -k + 4. Let c(z) = -z**3 - 5*z**2 - 5*z - 3. Let g be c(-3). What is the remainder when (g - -6) + k + 0/1 is divided by 3?
1
Let x(a) = -42*a**3 + 25*a + 88. Calculate the remainder when x(-3) is divided by 115.
112
Let i = -26868 + 26954. Calculate the remainder when i is divided by 6/4*(21 - -1).
20
Suppose 4*k - 135 = -k. Let r = -21 + 31. What is the remainder when k is divided by (16/r*1)/((-1)/(-10))?
11
Let x = 219 + -155. Let s = 136 + -3. Suppose 0 = 8*i - 15*i + s. What is the remainder when x is divided by i?
7
Suppose 0 = 2*d - 4*z, 5*z - 4 = 7*z. Let q(m) = -84*m + 23. What is the remainder when q(d) is divided by 19?
17
Suppose 3*q - 3*m + 46 = 118, 0 = 4*q + 3*m - 61. Let p = -16 + q. Suppose p*x - 65 = 4. What is the remainder when x is divided by 9?
5
Let q be 6/21 + (-52)/(-14). Let p be -1 - (-7 - -6) - -5. Suppose -q*r - 4*m = -9*m - 356, p*m = 3*r - 267. Calculate the remainder when r is divided by 23.
20
Let y(s) = -s**3 + 24*s**2 - 43*s + 122. What is the remainder when y(18) is divided by 24?
20
Let y = 26219 + -26184. Calculate the remainder when 41262 is divided by y.
32
Let f(b) = 27*b**2 + 10*b - 8. Suppose 6*u = 67 + 5. Calculate the remainder when f(2) is divided by u.
0
Let w(c) = c**3 + 7*c**2 + 2*c - 2. What is the remainder when w(6) is divided by ((32/10)/4)/((-66)/(-1320))?
14
Suppose v - 6 = 4*f, -7*v - 2*f + 12 = -6*v. Suppose -9*u = -v*u + 82. What is the remainder when u is divided by 22?
16
Let q(f) = -f**2 + 3*f + 15. Let j be q(6). Let s(c) = c**3 + c**2 + 5. Let v be s(j). What is the remainder when v/(39/(-126)) + 3 is divided by 12?
9
Let k(s) = s**2 - s + 15. What is the remainder when k(-4) is divided by 6?
5
Suppose 0 = -15*m + 4*m - 869. Let j = 84 + m. What is the remainder when j is divided by 4?
1
Suppose -4*n = -5*p + 332, 5*p + 184 = -2*n + 3*p. Let j = -44 - n. What is the remainder when j is divided by 53976/5928 + (-2)/19?
8
Let r(c) = 58*c**3 + 933*c**2 + 22*c + 31. Calculate the remainder when r(-16) is divided by 57.
47
Let l = -2 - -18. Let f = 25948 + -25743. Calculate the remainder when f is divided by l.
13
Suppose -79*r + 82*r - 174 = 0. What is the remainder when 281 is divided by r?
49
Let q(m) = 0 - 3 - 3 + 8*m**2 - 17*m - 9*m**2. What is the remainder when 164 is divided by q(-4)?
26
Let m = -15195 - -15223. Suppose 5*x - 46 - 4 = 0. What is the remainder when m is divided by x?
8
Let c(g) = g**2 + 19*g + 20. Let j(a) = -a**2 + 8*a - 3. Let s be j(5). Let h = s - 32. Calculate the remainder when 78 is divided by c(h).
38
Let q(o) = -2*o - 18. Let a = -60 + 45. Let g be q(a). Calculate the remainder when 58 is divided by (6*g/45)/(2/20).
10
Suppose -i + 2*a + 24 = -55, -5*i + 5*a + 375 = 0. Suppose 0*n + 3*w + 1035 = 3*n, 5*n - 4*w = 1729. What is the remainder when n is divided by i?
65
Let c(b) = b**2 + 18*b + 119. Suppose 5*a = 2*i + 47, i = -0*i - 4*a + 9. What is the remainder when c(i) is divided by (2/(-5))/((-2)/110)?
20
Suppose -7*d - 45 + 174 = -557. Calculate the remainder when 284 is divided by d.
88
Let t = 7509 + -7478. Calculate the remainder when 1074 is divided by t.
20
Let h = -5 + 30. Suppose 2*k + 10 = 0, -t + 6*k = 5*k - 224. Calculate the remainder when t is divided by h.
19
Let m be ((4 + 200)*(-1)/2)/(-1). Let w = 102 + m. What is the remainder when w is divided by 69?
66
Calculate the remainder when (-186)/(-10 + 8) + -10 is divided by 12.
11
Let j be (0 + -1)*1*0/130. Suppose -12*r + j*r = -108. What is the remainder when r is divided by 6?
3
Suppose -5*a = -208 - 102. Let y = -61 + a. Suppose 33 = 2*i - 2*h - y, -2*i - h = -19. Calculate the remainder when i is divided by 3.
0
Suppose 175 = s + 23. Calculate the remainder when s is divided by (30/40)/(3/56).
12
Let a = -1246 + 1918. What is the remainder when a is divided by 9?
6
Suppose u = -11*l + 39, -3*u = l - 5*u + 9. What is the remainder when 4326 is divided by l?
0
Let x = 8180 + -7399. What is the remainder when x is divided by 8?
5
Suppose -58*m + 9*m + 1138 = -8809. Calculate the remainder when m is divided by 74.
55
Suppose -2*t - 4*y = -580, -33*t + 31*t = -y - 550. Calculate the remainder when 3319 is divided by t.
261
Let f be (720/35)/(183/(-63) - -3). Let y = f - 175. Calculate the remainder when 157 is divided by y.
34
Suppose -2*g + 24 = 2. Suppose 0*f + 6*f = -2*f. Suppose 8*t - 918 + 710 = f. Calculate the remainder when t is divided by g.
4
Suppose 597 = -26*c + 233. What is the remainder when 116 is divided by 17 - (1 + c/4)*-2?
8
Let z = -8 - 30. Let q = 42 + z. What is the remainder when 6 is divided by q?
2
Suppose 79*v - 11206 = 76*v - s, 4*v = -s + 14943. What is the remainder when v is divided by 11?
8
Let h = 798 - 463. What is the remainder when h is divided by 96?
47
Let g = -101 - -233. Let f = -128 + g. Suppose -f*a = -387 - 33. What is the remainder when a is divided by 12?
9
Let d be (20/8)/((-1)/(-2)). Suppose -30 = d*o - 330. Suppose 3*w + 9 = o. Calculate the remainder when 48 is divided by w.
14
Suppose -4*j + v + 3 - 4 = 0, -5*j + 15 = 2*v. Let q(o) = 18*o - 8. What is the remainder when 117 is divided by q(j)?
7
Let d = 22 - -2. Suppose -41 = 4*p - 49. Suppose -233 = -p*k - 5*l - 77, -212 = -3*k - 2*l. Calculate the remainder when k is divided by d.
20
Let i(w) = 729*w - 5868. What is the remainder when i(9) is divided by 52?
17
Let j(c) = -c**2 + 33. Suppose 204 = 7*o + 64. What is the remainder when -2 - ((-9)/(45/o) + -95) is divided by j(0)?
31
Suppose -5*z + 1165 = 5*h, 21*z + 4*h = 22*z - 248. What is the remainder when z is divided by 22?
16
Let q(b) = -82*b + 2309. What is the remainder when 3442 is divided by q(28)?
10
Suppose -124 - 71 = 15*h. Let m = h + 36. Calculate the remainder when m is divided by 8.
7
Suppose 24819 = 536*q + 275 - 13512. Calculate the remainder when 26/(-4)*48/(-2) is divided by q.
14
Let d be 1*4 - -232*(9 + -8). Suppose 0*c + 4*c = d. What is the remainder when c is divided by 20?
19
Suppose -1100*k + 2310 = -1086*k. Calculate the remainder when k is divided by 44.
33
Let i = 222 + -194. Let y(t) = t**2 - 11*t - 65. What is the remainder when y(18) is divided by i?
5
Let f(j) = -11*j - 127. Let w be f(23). Let q = 114 - 78. What is the remainder when q is divided by ((-1)/(-2))/((-38)/w)?
1
Let f = 1183 + -1160. Let y(p) = -2*p**2 + 2*p + 4. Let v be y(-5). Let g = v + 142. What is the remainder when g is divided by f?
17
Suppose 49*x - 118001 + 17268 = 85908. What is the remainder when x is divided by 4?
1
Let s(t) = -t**3 - 25*t**2 + 275*t + 29. What is the remainder when s(8) is divided by 43?
31
Suppose 0 = 864*m + 209 - 21809. What is the remainder when 271 is divided by m?
21
Let x = -31 + 35. Suppose q - 4*j - 81 = 0, -7*q + 3*q + 2*j + 394 = 0. What is the remainder when q is divided by x?
1
Let a = 69 - 62. Suppose 0 = -8*t + a*t + 38. Suppose -13 = -w + p, 3*w + p - t = 21. Calculate the remainder when 50 is divided by w.
14
Suppose 0 = 6*h - 55 - 5. Let v(j) = -16 - 1 + h*j**2 - 15*j - 11*j**2. What is the remainder when 54 is divided by v(-12)?
16
Let v(z) = 346*z - 4016. What is the remainder when v(14) is divided by 83?
81
Let x = 370 + -372. What is the remainder when -4 + (11 + -9)/(x/(-145)) is divided by 42?
15
Let r be -1 + 433 - 9/9. Suppose 5*h - r = 239. What is the remainder when h is divided by 15?
14
Suppose 17144 = 4*o + 1368*l - 1363*l, -4*l + 4297 = o. Calculate the remainder when o is divided by 102.
9